 5. Give i(9).
41
Let d(g) = -8*g**3 + 2*g**2 - 6*g - 5. Determine d(2).
-73
Let c(m) = m**3 + 4*m**2 - 4*m - 13. Give c(-2).
3
Let a(o) = o + 27. Determine a(0).
27
Let z(b) = -b**3 + 8*b**2 + 4*b + 2. Calculate z(9).
-43
Let p(u) = u**2 - 2*u - 32. Calculate p(6).
-8
Let d(j) = -2*j**2 - 27*j + 38. Calculate d(-17).
-81
Let t(q) = 21*q**2 - q - 3. Calculate t(2).
79
Let v(f) = 42*f + 92. What is v(-2)?
8
Let v(f) = f**3 + 12*f**2 - 8*f - 100. Calculate v(-12).
-4
Let b(m) = -2*m - 8. What is b(-7)?
6
Let r(x) = -7*x + 36. Calculate r(3).
15
Let v(m) = m**2 - 24*m - 153. Calculate v(29).
-8
Let u(m) = 16*m**3 + m**2 + 2*m + 1. What is u(-1)?
-16
Let m(s) = -2*s + 72. What is m(30)?
12
Let n(v) = -v**2 - 29*v - 99. Give n(-25).
1
Let r(h) = h**3 + 4*h**2 - 7*h - 8. Give r(-6).
-38
Let g(r) = 60*r - 486. Give g(8).
-6
Let q(z) = -10*z + 230. Calculate q(21).
20
Let f(y) = y**3 - 5*y**2 + 3*y - 4. Calculate f(4).
-8
Let x(m) = 2*m**2 + m + 1. Calculate x(-2).
7
Let b(k) = 47*k - 4. What is b(0)?
-4
Let l(a) = -a**3 + 17*a**2 + 2*a - 285. Calculate l(16).
3
Let u(o) = 9*o - 19. What is u(5)?
26
Let v(n) = 6*n + 128. Determine v(-24).
-16
Let w(z) = 31*z - 2. What is w(-2)?
-64
Let i(f) = -f**2 - 2*f + 9. What is i(-3)?
6
Let f(v) = -2*v**2 - 61*v - 81. Calculate f(-29).
6
Let z(u) = u**2 - 11*u - 14. Calculate z(10).
-24
Let w(u) = 4*u**2 + 24*u - 4. Give w(-6).
-4
Let d(m) = -m**2 - 18*m + 133. Determine d(-23).
18
Let l(a) = a + 1. Give l(-7).
-6
Let g(o) = o**2 - 31*o + 120. Calculate g(5).
-10
Let s(u) = u**2 + 41*u + 40. Determine s(-1).
0
Let g(b) = b**2 + 6*b + 9. Determine g(-3).
0
Let s(r) = r + 27. Calculate s(-13).
14
Let n(k) = k - 56. What is n(18)?
-38
Let u(z) = -z**2 - 5*z + 14. Give u(-7).
0
Let k(l) = 4*l**2 + 28*l + 13. Give k(-7).
13
Let c(n) = n**3 - 8*n**2 - 20*n - 12. Give c(-4).
-124
Let d(o) = o**2 - 29*o - 29. Calculate d(30).
1
Let o(b) = b - 1. Give o(13).
12
Let r(y) = -2*y - 18. Give r(-16).
14
Let n(q) = q**3 - 10*q**2 + 12*q - 7. Determine n(9).
20
Let n(w) = 3*w**3 + 7*w**2 - 29*w - 62. Calculate n(-2).
0
Let o(h) = -57*h + 467. Calculate o(8).
11
Let k(m) = m**3 - 18*m**2 + 55*m + 8. Give k(14).
-6
Let x(s) = -s**2 + 9*s + 1. Determine x(-3).
-35
Let f(m) = -m**3 + 7*m**2 + m - 2. Give f(7).
5
Let a(u) = 16*u + 208. Determine a(-13).
0
Let s(m) = m**2 + 7*m + 5. What is s(-5)?
-5
Let c(j) = -j**2 + 8*j. Determine c(8).
0
Let d(k) = -3*k**2 + 24*k - 4. Give d(10).
-64
Let l(b) = 4*b. What is l(-3)?
-12
Let g(f) = -5*f - 8. What is g(4)?
-28
Let h(f) = -23*f + 144. Calculate h(5).
29
Let k(b) = 4*b + 48. Give k(-12).
0
Let q(l) = l**3 - 4*l**2 - l + 4. Determine q(3).
-8
Let x(g) = -6*g + 1. Give x(-8).
49
Let j(k) = -2*k**3 - 18*k**2 + 11*k + 10. Calculate j(-9).
-89
Let w(t) = -t**3 - 25*t**2 - 25*t - 35. What is w(-24)?
-11
Let f(g) = -22*g - 1. Give f(-1).
21
Let z(b) = 3*b**2 - 21*b + 25. Calculate z(6).
7
Let z(w) = -7*w**2 - 219*w - 57. Determine z(-31).
5
Let l(s) = s + 9. Give l(-6).
3
Let c(r) = r**2 + 6*r - 53. Give c(0).
-53
Let v(j) = -3*j**3 + j - 1. Calculate v(1).
-3
Let j(m) = -22*m + 54. Give j(3).
-12
Let f(z) = -z - 5. Determine f(1).
-6
Let f(x) = -x**2 - 6*x + 427. Give f(-24).
-5
Let o(h) = -h**2 + 10*h - 1. Determine o(10).
-1
Let g(w) = -14*w + 1. Determine g(1).
-13
Let h(b) = 3*b + 15. What is h(-11)?
-18
Let k(f) = f**3 + 10*f**2 + 9*f - 9. Calculate k(-8).
47
Let h(s) = -s**3 - 13*s**2 - 14*s - 16. What is h(-12)?
8
Let u(c) = -3*c**2 - 12*c - 6. What is u(-6)?
-42
Let c(h) = h**3 + 4*h**2 - h - 1. Give c(-5).
-21
Let c(f) = f**2 + 2*f - 45. What is c(0)?
-45
Let s(g) = -g**3 + 19*g**2 - 11. What is s(19)?
-11
Let z(w) = -w**2 + 4*w + 2. Calculate z(3).
5
Let k(t) = -2*t**2 - 28*t + 150. Give k(-18).
6
Let n(b) = 15*b**2 + b + 1. Calculate n(-1).
15
Let o(n) = n**3 + 13*n**2 + 22*n - 14. Determine o(-11).
-14
Let o(m) = m**3 + 15*m**2 + 13*m - 19. Determine o(-14).
-5
Let x(j) = 23*j - 7. Give x(-3).
-76
Let g(t) = -t**3 + 29*t**2 - 24*t - 102. Determine g(28).
10
Let h(o) = -2*o**2 - 88*o - 251. Give h(-3).
-5
Let u(f) = -f - 11. What is u(-5)?
-6
Let w(m) = m**3 - 8*m**2 + 8*m - 3. Determine w(6).
-27
Let q(b) = b**2 + 9*b + 4. What is q(-4)?
-16
Let y(f) = 11*f**2 + 9*f. Calculate y(-2).
26
Let g(m) = m**3 + 13*m**2 - 21*m - 23. Determine g(-15).
-158
Let z(m) = -m**2 + 4*m + 7. Calculate z(-6).
-53
Let y(s) = s**3 + 10*s**2 + 20*s + 19. Give y(-8).
-13
Let f(v) = -3*v**2 + 2*v + 7. Determine f(5).
-58
Let x(f) = f**3 + 62*f**2 + 233*f + 51. Give x(-58).
-7
Let u(v) = 3*v + 2. Give u(-3).
-7
Let d(u) = 2*u**3 + 6*u**2 - 5*u. Give d(-4).
-12
Let d(k) = -k**2 - k - 2. Give d(-3).
-8
Let o(z) = -z**2 - 30*z + 26. Give o(-31).
-5
Let t(o) = o**2 + 25*o + 28. What is t(-23)?
-18
Let y(r) = r**2 - 6*r + 13. Calculate y(3).
4
Let z(b) = -b**2 + 10*b - 16. Determine z(7).
5
Let l(c) = -3*c**2 + 25. Determine l(0).
25
Let m(b) = 5*b + 76. Determine m(-14).
6
Let r(q) = -q**3 + 17*q**2 - q + 33. Give r(17).
16
Let q(k) = -k**3 - 5*k**2 + 4*k - 1. Calculate q(-4).
-33
Let t(f) = f**3 + f**2 + 4*f + 7. Determine t(0).
7
Let k(p) = -p**3 + 6*p**2 + 4*p + 1. Give k(6).
25
Let n(y) = -y**2 - 2*y + 1. Calculate n(-4).
-7
Let y(d) = -2*d**2 + d + 5. Determine y(-3).
-16
Let m(w) = -w**3 + 11*w**2 + 7*w - 80. Give m(11).
-3
Let s(n) = 5*n - 35. Give s(9).
10
Let k(c) = -c**2 - 14*c - 15. What is k(-7)?
34
Let g(c) = c**2 + 12*c - 21. Give g(-14).
7
Let s(k) = 3*k**2 + 10*k - 12. Determine s(0).
-12
Let i(u) = 6*u**2 - 2*u. Give i(1).
4
Let m(s) = s**2 + 15*s - 1. Determine m(-15).
-1
Let c(t) = -t + 3. Determine c(5).
-2
Let t(q) = 3*q - 17. Calculate t(-7).
-38
Let s(l) = -l**2 + 15*l - 17. Give s(14).
-3
Let k(f) = f**3 + 19*f**2 + 18*f - 2. What is k(-18)?
-2
Let b(z) = z**3 - 12*z**2 - 9*z - 5. Calculate b(13).
47
Let k(j) = 2*j**2 - 18*j - 4. Give k(0).
-4
Let j(o) = o**3 + 7*o**2 + 4*o. What is j(-6)?
12
Let j(x) = x - 16. What is j(11)?
-5
Let q(j) = -9*j**2 + j + 7. Calculate q(-3).
-77
Let n(l) = -2*l**2 - 55*l + 95. What is n(-28)?
67
Let v(i) = i**2 + 4*i - 9. Determine v(-5).
-4
Let x(q) = -q**3 - 9*q**2 + 4*q - 87. Determine x(-10).
-27
Let o(k) = -4*k**3 - 37*k**2 - 8*k + 4. Give o(-9).
-5
Let u(n) = -n**3 + 2*n**2 - 3*n - 9. Determine u(0).
-9
Let z(w) = 5*w**2 - w + 19. What is z(0)?
19
Let z(m) = -47*m + 1. Determine z(1).
-46
Let j(f) = -139*f + 838. Determine j(6).
4
Let j(p) = -p**2 - p + 15. Determine j(4).
-5
Let y(h) = -h**3 + 4*h**2 + 4*h - 5. What is y(4)?
11
Let w(q) = q**3 - 12*q**2 + 2*q - 26. Calculate w(12).
-2
Let n(d) = 2*d**2 - 27*d + 1. Give n(14).
15
Let p(h) = -4*h**2 + 4*h - 1. What is p(3)?
-25
Let m(o) = 10*o - 6. Calculate m(0).
-6
Let t(z) = 2*z**3 + z**2 + z - 2. Determine t(1).
2
Let n(f) = 8*f**2 - 82*f + 16. Calculate n(10).
-4
Let y(w) = -w**2 - 23*w + 24. Calculate y(-24).
0
Let h(u) = u**3 - 9*u**2 + 19*u + 4. Determine h(6).
10
Let f(h) = -5*h + 132. Give f(25).
7
Let g(x) = -2*x**2 - 2*x - 3. Determine g(-2).
-7
Let b(c) = -8*c + 24. What is b(4)?
-8
Let s(g) = g**3 - 5*g**2 + 2*g - 12. Calculate s(7).
100
Let n(a) = -a**3 + 25*a**2 + 82*a + 53. What is n(28)?
-3
Let d(k) = k**3 - 5*k**2 + 6*k - 5. Calculate d(5).
25
Let k(c) = -20*c**2 + c - 2. Give k(-1).
-23
Let m(w) = 13*w - 13. What is m(3)?
26
Let g(h) = h**3 + 4*h**2 + 3*h. Determine g(-3).
0
Let c(y) = -y - 24. Calculate c(-23).
-1
Let u(k) = -3*k**3 + k**2 + 2*k. Give u(-2).
24
Let c(w) = -w**2 + 9*w + 9. Calculate c(8).
17
Let o(s) = -2*s**3 + 5*s**2 - s - 1. Determine o(4).
-53
Let g(s) = -s**2 + 15*s - 27. Give g(4).
17
Let l(r) = r**3 + 5*r**2 - 15*r - 23. Determine l(-7).
-16
Let t(o) = 3*o + 1. Give t(-5).
-14
Let n(q) = -34*q - 12. Determine n(1).
-46
Let b(y) = 6*y + 4. What is b(1)?
10
Let y(r) = -2*r**2 - 41*r - 146. Calculate y(-4).
-14
Let r(u) = -128*u - 2. Determine r(1).
-130
Let z(n) = -n + 6. Determine z(-6).
12
Let l(n) = -n**3 - n**2 + 2*n + 120. Determine l(0).
120
Let h(w) = w**2 + 4*w + 7. Give h(-7).
28
Let y(w) = -w**2 - 3*w - 5. Calculate y(-2).
-3
Let k(y) = -y**3 - 4*y**2 + 61*y - 4. Give k(6).
2
Let u(q) = -q**3 - q**2 + 33*q + 18. Give u(-6).
0
Let p(f) = 2*f**2 + 61*f + 26. Give p(-30).
-4
Let c(y) = y**2 - 52*y + 201. What is c(4)?
9
Let u(y) = y**2 + 7*y - 